 is the remainder when 16135 is divided by 5377?
4
Calculate the remainder when 6526 is divided by 64.
62
What is the remainder when 6067 is divided by 2006?
49
What is the remainder when 310685 is divided by 266?
263
Calculate the remainder when 6982 is divided by 370.
322
What is the remainder when 71117 is divided by 14?
11
What is the remainder when 3290 is divided by 84?
14
Calculate the remainder when 4328 is divided by 242.
214
What is the remainder when 178592 is divided by 25?
17
What is the remainder when 12532 is divided by 273?
247
Calculate the remainder when 100348 is divided by 256.
252
What is the remainder when 4236 is divided by 1052?
28
What is the remainder when 1636670 is divided by 317?
316
What is the remainder when 74553 is divided by 109?
106
Calculate the remainder when 5560 is divided by 18.
16
Calculate the remainder when 7291 is divided by 84.
67
What is the remainder when 62932 is divided by 157?
132
What is the remainder when 162060 is divided by 692?
132
What is the remainder when 13230 is divided by 505?
100
What is the remainder when 121723 is divided by 30430?
3
What is the remainder when 16265 is divided by 41?
29
What is the remainder when 35996 is divided by 10?
6
Calculate the remainder when 966401 is divided by 141.
128
What is the remainder when 512243 is divided by 3031?
4
What is the remainder when 72194 is divided by 937?
45
What is the remainder when 443658 is divided by 62?
48
What is the remainder when 15007 is divided by 4986?
49
Calculate the remainder when 9070 is divided by 63.
61
What is the remainder when 11839 is divided by 356?
91
What is the remainder when 850293 is divided by 56?
45
What is the remainder when 136930 is divided by 153?
148
What is the remainder when 6240 is divided by 148?
24
What is the remainder when 16519 is divided by 68?
63
Calculate the remainder when 952081 is divided by 518.
515
What is the remainder when 59242 is divided by 233?
60
Calculate the remainder when 1806 is divided by 1345.
461
Calculate the remainder when 12944 is divided by 2588.
4
Calculate the remainder when 1143 is divided by 537.
69
Calculate the remainder when 33054 is divided by 103.
94
What is the remainder when 30624 is divided by 2784?
0
What is the remainder when 14479 is divided by 2067?
10
Calculate the remainder when 11884 is divided by 813.
502
Calculate the remainder when 3297 is divided by 1552.
193
What is the remainder when 136818 is divided by 379?
378
Calculate the remainder when 66847 is divided by 33422.
3
Calculate the remainder when 107373 is divided by 26817.
105
Calculate the remainder when 5550 is divided by 1105.
25
Calculate the remainder when 1425 is divided by 45.
30
Calculate the remainder when 59361 is divided by 112.
1
Calculate the remainder when 380230 is divided by 196.
186
Calculate the remainder when 8686 is divided by 1445.
16
What is the remainder when 1664 is divided by 659?
346
Calculate the remainder when 2264 is divided by 1847.
417
What is the remainder when 216852 is divided by 43368?
12
Calculate the remainder when 14461 is divided by 32.
29
Calculate the remainder when 2792516 is divided by 1351.
1350
What is the remainder when 185568 is divided by 237?
234
Calculate the remainder when 1967 is divided by 1540.
427
What is the remainder when 37181 is divided by 18512?
157
What is the remainder when 3831 is divided by 870?
351
Calculate the remainder when 5739 is divided by 2862.
15
What is the remainder when 28908 is divided by 340?
8
What is the remainder when 93830 is divided by 148?
146
Calculate the remainder when 4871 is divided by 39.
35
Calculate the remainder when 40131 is divided by 510.
351
What is the remainder when 20729 is divided by 59?
20
Calculate the remainder when 2348 is divided by 469.
3
What is the remainder when 311 is divided by 25?
11
What is the remainder when 21031 is divided by 239?
238
What is the remainder when 51541 is divided by 277?
19
What is the remainder when 7345 is divided by 9?
1
Calculate the remainder when 2999 is divided by 533.
334
What is the remainder when 227157 is divided by 44?
29
What is the remainder when 21693 is divided by 21690?
3
Calculate the remainder when 129112 is divided by 162.
160
Calculate the remainder when 7598 is divided by 2530.
8
Calculate the remainder when 181525 is divided by 16502.
3
What is the remainder when 1134 is divided by 203?
119
Calculate the remainder when 34930 is divided by 695.
180
Calculate the remainder when 48395 is divided by 6.
5
Calculate the remainder when 5073154 is divided by 1012.
1010
Calculate the remainder when 8287 is divided by 1647.
52
What is the remainder when 6206 is divided by 305?
106
Calculate the remainder when 64886 is divided by 13.
3
Calculate the remainder when 2598629 is divided by 705.
704
What is the remainder when 26194 is divided by 67?
64
Calculate the remainder when 1156 is divided by 141.
28
What is the remainder when 594526 is divided by 83?
80
Calculate the remainder when 2758 is divided by 69.
67
Calculate the remainder when 30293 is divided by 439.
2
Calculate the remainder when 2333 is divided by 463.
18
What is the remainder when 77165 is divided by 38579?
7
What is the remainder when 2949 is divided by 6?
3
Calculate the remainder when 13118 is divided by 4364.
26
What is the remainder when 1947 is divided by 176?
11
Calculate the remainder when 170751 is divided by 116.
115
Calculate the remainder when 4081 is divided by 296.
233
What is the remainder when 15055 is divided by 1865?
135
What is the remainder when 63189 is divided by 231?
126
Calculate the remainder when 3820 is divided by 190.
20
What is the remainder when 1269 is divided by 29?
22
What is the remainder when 48349 is divided by 257?
33
What is the remainder when 8925 is divided by 39?
33
What is the remainder when 144299 is divided by 35?
29
What is the remainder when 908080 is divided by 25224?
16
What is the remainder when 15800 is divided by 2257?
1
What is the remainder when 85953 is divided by 3736?
25
Calculate the remainder when 31314 is divided by 7824.
18
Calculate the remainder when 2370 is divided by 15.
0
What is the remainder when 11144 is divided by 279?
263
Calculate the remainder when 8201 is divided by 1640.
1
What is the remainder when 3250 is divided by 122?
78
Calculate the remainder when 20236 is divided by 3369.
22
Calculate the remainder when 346735 is divided by 26.
25
What is the remainder when 12362 is divided by 650?
12
Calculate the remainder when 327870 is divided by 7996.
34
What is the remainder when 118551 is divided by 6586?
3
Calculate the remainder when 583 is divided by 128.
71
Calculate the remainder when 39764 is divided by 42.
32
Calculate the remainder when 15880 is divided by 306.
274
Calculate the remainder when 3817 is divided by 141.
10
What is the remainder when 13128 is divided by 457?
332
Calculate the remainder when 269189 is divided by 270.
269
Calculate the remainder when 10926 is divided by 6.
0
Calculate the remainder when 54990 is divided by 505.
450
Calculate the remainder when 533 is divided by 128.
21
What is the remainder when 6627 is divided by 548?
51
Calculate the remainder when 37990 is divided by 9487.
42
Calculate the remainder when 3381 is divided by 840.
21
Calculate the remainder when 50795 is divided by 1384.
971
What is the remainder when 615614 is divided by 16?
14
What is the remainder when 4918 is divided by 60?
58
What is the remainder when 201472 is divided by 1267?
19
Calculate the remainder when 6438 is divided by 3050.
338
Calculate the remainder when 3670908 is divided by 1687.
1683
What is the remainder when 261903 is divided by 87289?
36
Calculate the remainder when 46293 is divided by 45.
33
Calculate the remainder when 12980 is divided by 173.
5
Calculate the remainder when 94874 is divided by 365.
339
Calculate the remainder when 118249 is divided by 25.
24
Calculate the remainder when 22492 is divided by 11241.
10
Calculate the remainder when 55198 is divided by 60.
58
What is the remainder when 55498 is divided by 375?
373
What is the remainder when 11153 is divided by 1593?
2
What is the remainder when 248042 is divided by 1060?
2
Calculate the remainder when 17270 is divided